{"id":110,"date":"2016-10-02T15:02:27","date_gmt":"2016-10-02T13:02:27","guid":{"rendered":"http:\/\/www.naturproduktion.de\/?page_id=110"},"modified":"2020-07-13T20:51:14","modified_gmt":"2020-07-13T20:51:14","slug":"planungsraum","status":"publish","type":"page","link":"https:\/\/www.naturproduktion.de\/index.php\/planungsraum\/","title":{"rendered":"Planungsraum"},"content":{"rendered":"<p style=\"text-align: justify;\"><span style=\"font-size: 16px;\"><strong>Lage und naturr\u00e4umliche Zuordnung<\/strong><\/span><br \/>\n<span style=\"font-size: 16px;\">Unser\u00a0Ersatzfl\u00e4chenpool &#8222;gro\u00dfe Beilage&#8220; liegt rd. 2 km s\u00fcd\u00f6stlich des Ortskerns der\u00a0Gemeinde Essen (Oldb.) zwischen den Tieflandfl\u00fcssen \u201eLager Hase\u201c und \u201eHase\u201c (Essener Kanal) und bildet\u00a0zusammenh\u00e4ngend land- und forstwirtschaftlich genutzte Fl\u00e4chen von etwa\u00a0100 ha Gr\u00f6\u00dfe. Das Gebiet\u00a0umfasst\u00a0Teile der Landschaftseinheit \u201eN\u00f6rdliches Artland\u201c im S\u00fcden des Landkreises Cloppenburg und geht im Norden in\u00a0die \u201eHaseniederung\u201c \u00fcber. Beim \u201eArtland\u201c handelt es sich um ein glaziales Zungenbecken, das von zahllosen\u00a0Wasserl\u00e4ufen und der Hase als Verbindungsgew\u00e4sser durchflossen wird. Die gew\u00e4sserreiche\u00a0Schwemmlandebene des \u201eArtlandes\u201c weist an vielen Stellen lehmige bis tonige Grundwassergleye und\u00a0Aueb\u00f6den auf, die \u00fcberwiegend als Gr\u00fcnland genutzt wurden. Auf den h\u00f6hergelegenen Eschb\u00f6den wird\u00a0vorwiegend Ackerbau betrieben. Einzelb\u00e4ume, Hecken, Feldgeh\u00f6lze und einige gr\u00f6\u00dfere Waldfl\u00e4chen verleihen\u00a0dem \u201eArtland\u201c ein reich strukturiertes, parkartiges Landschaftsbild. Die \u201eHaseniederung\u201c schlie\u00dft sich n\u00f6rdlich an\u00a0das vorab beschriebene \u201eArtland\u201c an. Die Hase wendet sich nach n\u00f6rdlicher Flie\u00dfrichtung bei Essen nach\u00a0Westen und bildet am S\u00fcdrand der Cloppenburger Geest ihre eigentliche Talaue. Vorherrschend sind hier\u00a0Grundwassergleye, die im engeren Umfeld\u00a0als Gr\u00fcnland, aber zunehmend auch als Acker genutzt werden.<\/span><\/p>\n","protected":false},"excerpt":{"rendered":"<p>Lage und naturr\u00e4umliche Zuordnung Unser\u00a0Ersatzfl\u00e4chenpool &#8222;gro\u00dfe Beilage&#8220; liegt rd. 2 km s\u00fcd\u00f6stlich des Ortskerns der\u00a0Gemeinde Essen (Oldb.) zwischen den Tieflandfl\u00fcssen \u201eLager Hase\u201c und \u201eHase\u201c (Essener&#8230;<\/p>\n","protected":false},"author":1,"featured_media":0,"parent":0,"menu_order":3,"comment_status":"closed","ping_status":"closed","template":"","meta":{"footnotes":""},"class_list":["post-110","page","type-page","status-publish","hentry"],"_links":{"self":[{"href":"https:\/\/www.naturproduktion.de\/index.php\/wp-json\/wp\/v2\/pages\/110","targetHints":{"allow":["GET"]}}],"collection":[{"href":"https:\/\/www.naturproduktion.de\/index.php\/wp-json\/wp\/v2\/pages"}],"about":[{"href":"https:\/\/www.naturproduktion.de\/index.php\/wp-json\/wp\/v2\/types\/page"}],"author":[{"embeddable":true,"href":"https:\/\/www.naturproduktion.de\/index.php\/wp-json\/wp\/v2\/users\/1"}],"replies":[{"embeddable":true,"href":"https:\/\/www.naturproduktion.de\/index.php\/wp-json\/wp\/v2\/comments?post=110"}],"version-history":[{"count":2,"href":"https:\/\/www.naturproduktion.de\/index.php\/wp-json\/wp\/v2\/pages\/110\/revisions"}],"predecessor-version":[{"id":432,"href":"https:\/\/www.naturproduktion.de\/index.php\/wp-json\/wp\/v2\/pages\/110\/revisions\/432"}],"wp:attachment":[{"href":"https:\/\/www.naturproduktion.de\/index.php\/wp-json\/wp\/v2\/media?parent=110"}],"curies":[{"name":"wp","href":"https:\/\/api.w.org\/{rel}","templated":true}]}}