{"id":318,"date":"2020-01-27T19:39:27","date_gmt":"2020-01-27T18:39:27","guid":{"rendered":"http:\/\/www.naturproduktion.de\/?page_id=318"},"modified":"2020-01-27T19:39:27","modified_gmt":"2020-01-27T18:39:27","slug":"landwirtschaft","status":"publish","type":"page","link":"https:\/\/www.naturproduktion.de\/index.php\/landwirtschaft\/","title":{"rendered":"Landwirtschaft"},"content":{"rendered":"\n<p class=\"has-normal-font-size\"> Die nachhaltige Sicherung, Entwicklung und Pflege wertvoller Lebensr\u00e4ume ist unser Ziel. Viele Individuen haben urspr\u00fcnglich ihren Platz erst in einer vielf\u00e4ltigen, klein strukturiert genutzten Landschaft gefunden, wie sie heute in einer \u00fcblicherweise auf gro\u00dfe Mengen und geringe Kosten ausgerichteten Landwirtschaft kaum noch vorkommt. Zu gro\u00df sind die Kosteneinsparungen bei der Bearbeitung gro\u00dfer Fl\u00e4chen und der Konzentration auf wenige Fr\u00fcchte. Die Fl\u00e4chenknappheit zwingt viele Landwirte zudem dazu, auch noch den letzten Streifen intensiv zu nutzen. Wir gehen den umgekehrten Weg zu mehr kleinteiliger, vielf\u00e4ltig genutzter Landschaft und einer angemessenen Produktionsintensit\u00e4t und haben damit auch unsere eigene \u201c\u00f6konomische Nische\u201d gefunden. Wir schaffen Biotope im Einklang und mit gezielter Unterst\u00fctzung unserer eigenen landwirtschaftlichen Strategie. Unsere arrondierte Alleinlage in der Niederung der Hase bietet schon von Natur aus ideale Voraussetzungen f\u00fcr diese Entwicklung. Mit Hilfe moderner Technik bearbeiten wir unsere Fl\u00e4chen individuell entsprechend den jeweiligen Entwicklungszielen \u2013 einschlie\u00dflich digitaler Dokumentation.&nbsp; <\/p>\n","protected":false},"excerpt":{"rendered":"<p>Die nachhaltige Sicherung, Entwicklung und Pflege wertvoller Lebensr\u00e4ume ist unser Ziel. Viele Individuen haben urspr\u00fcnglich ihren Platz erst in einer vielf\u00e4ltigen, klein strukturiert genutzten Landschaft&#8230;<\/p>\n","protected":false},"author":1,"featured_media":0,"parent":0,"menu_order":5,"comment_status":"closed","ping_status":"closed","template":"","meta":{"footnotes":""},"class_list":["post-318","page","type-page","status-publish","hentry"],"_links":{"self":[{"href":"https:\/\/www.naturproduktion.de\/index.php\/wp-json\/wp\/v2\/pages\/318","targetHints":{"allow":["GET"]}}],"collection":[{"href":"https:\/\/www.naturproduktion.de\/index.php\/wp-json\/wp\/v2\/pages"}],"about":[{"href":"https:\/\/www.naturproduktion.de\/index.php\/wp-json\/wp\/v2\/types\/page"}],"author":[{"embeddable":true,"href":"https:\/\/www.naturproduktion.de\/index.php\/wp-json\/wp\/v2\/users\/1"}],"replies":[{"embeddable":true,"href":"https:\/\/www.naturproduktion.de\/index.php\/wp-json\/wp\/v2\/comments?post=318"}],"version-history":[{"count":0,"href":"https:\/\/www.naturproduktion.de\/index.php\/wp-json\/wp\/v2\/pages\/318\/revisions"}],"wp:attachment":[{"href":"https:\/\/www.naturproduktion.de\/index.php\/wp-json\/wp\/v2\/media?parent=318"}],"curies":[{"name":"wp","href":"https:\/\/api.w.org\/{rel}","templated":true}]}}