{"id":335,"date":"2020-01-27T20:32:42","date_gmt":"2020-01-27T19:32:42","guid":{"rendered":"http:\/\/www.naturproduktion.de\/?page_id=335"},"modified":"2020-01-27T20:32:42","modified_gmt":"2020-01-27T19:32:42","slug":"strategie","status":"publish","type":"page","link":"https:\/\/www.naturproduktion.de\/index.php\/strategie\/","title":{"rendered":"Strategie"},"content":{"rendered":"\n<p class=\"has-normal-font-size\"> Die nachhaltige Sicherung, Entwicklung und Pflege wertvoller Lebensr\u00e4ume ist unser Ziel. Viele Individuen haben urspr\u00fcnglich ihren Platz erst in einer vielf\u00e4ltigen, klein strukturiert genutzten Landschaft gefunden, wie sie heute in einer \u00fcblicherweise auf gro\u00dfe Mengen und geringe Kosten ausgerichteten Landwirtschaft kaum noch vorkommt. Zu gro\u00df sind die Kosteneinsparungen bei der Bearbeitung gro\u00dfer Fl\u00e4chen und der Konzentration auf wenige Fr\u00fcchte. Die Fl\u00e4chenknappheit zwingt viele Landwirte zudem dazu, auch noch den letzten Streifen intensiv zu nutzen. Wir gehen den umgekehrten Weg zu mehr kleinteiliger, vielf\u00e4ltig genutzter Landschaft und einer angemessenen Produktionsintensit\u00e4t und haben damit auch unsere eigene \u201c\u00f6konomische Nische\u201d gefunden. Wir schaffen Biotope im Einklang und mit gezielter Unterst\u00fctzung unserer eigenen landwirtschaftlichen Strategie. Unsere arrondierte Alleinlage in der Niederung der Hase bietet schon von Natur aus ideale Voraussetzungen f\u00fcr diese Entwicklung. Mit Hilfe moderner Technik bearbeiten wir unsere Fl\u00e4chen individuell entsprechend den jeweiligen Entwicklungszielen \u2013 einschlie\u00dflich digitaler Dokumentation. <\/p>\n\n\n\n<p class=\"has-normal-font-size\">Wirtschaftlich gesehen setzen wir auf die Produktion hochwertiger G\u00fcter f\u00fcr Kunden, die &#8222;bewusst&#8220; leben wollen und denen dieser Lebensgenuss etwas wert ist. Denen es wichtig ist, fair mit sich, anderen und der Umwelt umzugehen. Die auch anderen Gesch\u00f6pfen &#8211; Tieren und Pflanzen &#8211; eine faire Chance geben wollen. Die unsere Natur mit all ihrer Vielfalt und Herausforderungen noch sp\u00fcren und genie\u00dfen wollen. Und die kein schlechtes Gewissen haben wollen, die Fr\u00fcchte der Natur zu nutzen!<\/p>\n\n\n\n<p class=\"has-text-align-center has-large-font-size\"><strong>Willkommen bei uns!<\/strong><\/p>\n","protected":false},"excerpt":{"rendered":"<p>Die nachhaltige Sicherung, Entwicklung und Pflege wertvoller Lebensr\u00e4ume ist unser Ziel. Viele Individuen haben urspr\u00fcnglich ihren Platz erst in einer vielf\u00e4ltigen, klein strukturiert genutzten Landschaft&#8230;<\/p>\n","protected":false},"author":1,"featured_media":0,"parent":0,"menu_order":0,"comment_status":"closed","ping_status":"closed","template":"","meta":{"footnotes":""},"class_list":["post-335","page","type-page","status-publish","hentry"],"_links":{"self":[{"href":"https:\/\/www.naturproduktion.de\/index.php\/wp-json\/wp\/v2\/pages\/335","targetHints":{"allow":["GET"]}}],"collection":[{"href":"https:\/\/www.naturproduktion.de\/index.php\/wp-json\/wp\/v2\/pages"}],"about":[{"href":"https:\/\/www.naturproduktion.de\/index.php\/wp-json\/wp\/v2\/types\/page"}],"author":[{"embeddable":true,"href":"https:\/\/www.naturproduktion.de\/index.php\/wp-json\/wp\/v2\/users\/1"}],"replies":[{"embeddable":true,"href":"https:\/\/www.naturproduktion.de\/index.php\/wp-json\/wp\/v2\/comments?post=335"}],"version-history":[{"count":0,"href":"https:\/\/www.naturproduktion.de\/index.php\/wp-json\/wp\/v2\/pages\/335\/revisions"}],"wp:attachment":[{"href":"https:\/\/www.naturproduktion.de\/index.php\/wp-json\/wp\/v2\/media?parent=335"}],"curies":[{"name":"wp","href":"https:\/\/api.w.org\/{rel}","templated":true}]}}